be d(f). Let b = 3 + x. What is the units digit of b?
2
Let g = 3 + 11. What is the tens digit of g?
1
Let o = -2 + 6. Suppose -4*s + 4 + o = 0. What is the units digit of s?
2
Let p(m) be the first derivative of m**3/3 + m**2 - 7*m + 2. Suppose 2 + 3 = -z + 3*t, 2*t = -5*z - 25. What is the units digit of p(z)?
8
Suppose 5*w - 4 = w. Let d(a) = -4 - 5 - 5 - 3*a + w. What is the units digit of d(-9)?
4
Let j be 5*1*(-9)/(-15). Suppose -y = 0, 7 = -j*i + 5*y - 32. Let d(p) = -p**2 - 13*p + 9. What is the units digit of d(i)?
9
Let m = 305 + -71. What is the hundreds digit of m?
2
Let o(m) = -m + 13. What is the tens digit of o(-13)?
2
Let x = 4 - 2. Suppose -3*b + x = -4. What is the units digit of b?
2
Let j(y) = -24*y**2 - y. Let t be j(-1). Let l = 50 + t. What is the units digit of (-68)/(-18) - (-6)/l?
4
Let n = -508 + 222. What is the tens digit of ((-1)/(-2))/((-13)/n)?
1
Let b = -52 + 97. What is the units digit of b?
5
Let m be (0 - (-15)/(-12))*8. Let j = m - -14. Suppose 28 = 3*o - 5*b, 0*o - 19 = -j*o + 3*b. What is the units digit of o?
1
Let k(f) = -100*f + 1. What is the units digit of k(-1)?
1
Let n(g) = 19*g - 2. What is the tens digit of n(3)?
5
Let b(q) = 3*q - 2. Let m be b(6). What is the units digit of 1/(-3) - m/(-3)?
5
Let k(n) = 4*n + 3. Let c be k(-5). Let p = 25 + c. What is the units digit of p?
8
Suppose -2*x - j - 2 = -23, -3*j = 3*x - 36. Let r(b) = 2*b**2 - 3*b**2 + 2 - 8*b + 2*b**2. What is the units digit of r(x)?
1
Let p be (-2)/5 + (-12)/(-5). Suppose p = 2*q - 0*q. What is the units digit of q?
1
Let m = 14 + -11. Suppose 0 = m*z - 0 - 27. What is the units digit of z?
9
Let x = -5 - -14. What is the units digit of x?
9
Suppose 2*u - 5*u = 3. Let a = -33 + 55. Let j = a + u. What is the units digit of j?
1
Let f(m) = -m**2 - 13*m - 12. What is the tens digit of f(-11)?
1
Suppose 33 = 5*p - 7. Suppose -p*w + 5 = -2*l - 3*w, 0 = 3*l + w - 35. What is the units digit of l?
0
Let m = -145 - -454. What is the hundreds digit of m?
3
Let n(f) = -14*f + 9. Let i(s) = 9*s - 6. Let d(m) = 8*i(m) + 5*n(m). What is the units digit of d(11)?
9
Let y = 2 - 4. Let h be (6/1)/y*-2. Let p = 3 + h. What is the units digit of p?
9
Let l(k) = k**3 - 5*k**2 + k - 4. Let j be l(3). Let u be 40*(3 + 22/(-10)). Let i = u + j. What is the units digit of i?
3
Let w(u) = 20*u**2 - 13*u + 8. Let n be w(8). What is the units digit of 4/(-14) + n/28?
2
Suppose -2*n = n + 15, 2*n + 122 = 4*l. What is the tens digit of l?
2
What is the units digit of (1 + -2)/((-13)/403)?
1
Let d be -2 + (18 - 2) + -2. Suppose -l + 27 = -d. What is the tens digit of l?
3
Let c(r) = -2*r**2 + 3*r - 3. Let y(h) = -6*h**2 + 9*h - 9. Let m(k) = 11*c(k) - 4*y(k). What is the tens digit of m(3)?
1
Let p = 55 + -21. Let j = -1 + p. What is the units digit of j?
3
Let k = 77 + -25. Let l = k + -36. What is the tens digit of l?
1
Let a(f) = 21*f**2 - f + 1. Suppose 0*q + 6 = 6*q. What is the tens digit of a(q)?
2
Let v(u) = -u**2 - 4*u - 2. Let b be v(-3). Let c = 1 - b. Suppose 5*n + 19 = 4*r, c*r + 5 = r - n. What is the units digit of r?
6
Suppose 2 = 2*a, 4*b - 7*a + 3*a - 80 = 0. What is the units digit of b/4 + (-3)/12?
5
Suppose 0 = -d - 3*p + 23, 3*d + 5*p = 91 - 26. Let g be ((-4)/2)/(2/(-12)). Let y = d - g. What is the units digit of y?
8
Suppose 2*v - 10 = -4*n, 0 = 3*n + 3*v - v - 8. Let j be (n/(-2))/(5/(-10)). Suppose -j*a - 2 = -4*a. What is the units digit of a?
1
Let l = -3 - -6. What is the units digit of 10/(l*(-3)/(-36))?
0
Let y be (0 - 1*-5)*1. Suppose -2*s = y*d - 5, 4*s + 34 = 3*d - s. What is the units digit of d?
3
Let w = -21 - -39. What is the units digit of w?
8
Let o be 630/18 - 0/(-1). Suppose 0 = -4*f + o + 9. What is the units digit of f?
1
Suppose y = 6 + 13. What is the units digit of y?
9
Let w = 16 + -16. Suppose -2*z - 87 = -3*l - w*l, 5*z - 77 = -2*l. What is the tens digit of l?
3
Suppose 4*o - 20 = -0*o. Let c = 37 - o. What is the tens digit of (-8)/c - (-138)/8?
1
Suppose 0 = 4*d - 5*g - 86, 5*g - 3*g = d - 23. What is the units digit of d?
9
Suppose 0 = -5*k + 8 + 67. What is the units digit of k?
5
Let h be ((-6)/4)/(9/(-30)). Suppose 2*f + 7 = -f + h*d, 2*f + 3*d - 27 = 0. What is the units digit of f?
6
Suppose -3*i - 3 = 3*q, -i + 4*i + 4*q = 0. What is the units digit of i/(-18) + (-480)/(-27)?
8
Suppose 0 = -3*u + u + 104. What is the units digit of u?
2
Suppose -3*w + 2*w - 2*h + 42 = 0, 5*h - 128 = -3*w. What is the units digit of w?
6
Let d = 122 + 31. What is the hundreds digit of d?
1
Suppose -i + 2*u + 62 = 0, 2*i + 6*u - u - 124 = 0. What is the units digit of i?
2
Suppose -2*l = -2*a - 3*l + 25, 2*a = 2*l + 22. Let b be 1/3 - 268/a. Let c = -16 - b. What is the units digit of c?
6
Suppose 0 = 2*y - s - 45, -2*y + 36 = 2*s - 0*s. What is the tens digit of y?
2
Let m = 44 + 119. What is the hundreds digit of m?
1
Let s = 85 + -24. What is the units digit of s?
1
Let f = 56 + -48. What is the units digit of f?
8
Suppose 2*j - 64 = 48. What is the tens digit of j?
5
Let v(o) = -o**3 - 7*o**2 - 8*o + 3. Suppose 3*z + 14 + 4 = 0. What is the tens digit of v(z)?
1
Suppose 4*j = 2*w + 10, -5*w - 5 = -0*j - 5*j. Suppose j*g + t = 20, 3*g - 2*t - 8 = -t. What is the units digit of (-2)/(g/(-6)) + 16?
9
Let z(u) = -u + 1. Let r be z(7). Let w = r - -25. What is the tens digit of w?
1
Suppose -25 = -5*p, 9*p = -3*s + 4*p + 40. Suppose -s = -l - 1. Suppose m = -l*m + 10. What is the units digit of m?
2
Let d(a) = a**3 + 2*a**2 - 5*a + 3. What is the tens digit of d(3)?
3
Let k(g) = -g**3 - 5*g**2 + 6*g - 2. Let v be k(-6). Let b be v/(4/(-6)) + 13. Suppose -a = a - b. What is the units digit of a?
8
What is the units digit of (-13)/(-65) - 268/(-10)?
7
Let g be 6/12 - (-210)/(-4). What is the units digit of 6/18 - g/6?
9
Suppose -2*r + x = -3, 2*x = -2*r - 0*x. Suppose 5*w = 14 + r. Suppose 6 = w*u - 36. What is the tens digit of u?
1
Let r(c) = -c - 1. Let d be r(-4). Suppose 39 = d*t - 5*o - 32, 5*t = o + 133. What is the units digit of t?
7
Suppose -4*s = 7*v - 3*v - 32, -5*v = 2*s - 55. What is the tens digit of v?
1
Let j = 0 - 0. Let o = 63 + -60. Suppose j = -0*n - o*n + 39. What is the units digit of n?
3
Suppose -5*o = -3*o - 3*w - 105, 3*o - 3*w - 156 = 0. What is the units digit of o?
1
Let t(y) = -3*y**2 + 1. Let u(k) = -2*k**2. Let h(p) = -3*t(p) + 5*u(p). Let w be h(0). What is the tens digit of 9*((-7)/w + -1)?
1
What is the units digit of ((-18)/27)/((-1)/90)?
0
Let z be ((-2)/(-4))/((-2)/(-12)). What is the units digit of 2/(z + (-219)/75)?
5
Let d(t) = 4*t**2 + 5*t - 21. What is the units digit of d(4)?
3
Let x(n) = -n**3 - 4*n**2 - 3*n. Let h be x(-3). Let r = 9 - 5. Suppose r*d - 23 - 9 = h. What is the units digit of d?
8
Let s be 20/(-6)*39/(-2). Suppose 2*v + 2*v + t - s = 0, 3*t + 43 = 2*v. What is the tens digit of v?
1
Suppose 2*r - 3*j = 121, -2*j - 20 = -3*r + 159. What is the tens digit of r?
5
Let t(b) = 2*b - 6. Let m be t(-4). Let j = -12 - m. What is the units digit of j?
2
Suppose 0*w + 3*w + 90 = 2*j, -w - j = 30. What is the tens digit of (-140)/w*(-9)/(-1)?
4
Let l(a) = 12*a - 7. What is the units digit of l(4)?
1
What is the tens digit of (-462)/(-3)*1/2?
7
Let s be 12*(11/4 + -2). Let m be (1*3)/(s/6). Suppose -12 = -m*v - 0*v. What is the units digit of v?
6
Let a = 14 - 8. Suppose 4*x - a*x = 4*k - 24, 2*x = 0. What is the units digit of k?
6
Suppose -233 = 5*i - 663. What is the units digit of i?
6
Let o be -2 - 0*1/3. Let r be (-1 - -2)*o/2. What is the units digit of (-9)/(3 + 0)*r?
3
Let n(r) be the first derivative of r**2/2 + 4*r - 9. What is the units digit of n(5)?
9
Let t = -85 + 367. What is the hundreds digit of t?
2
Suppose -3*i - 16 = -4*i. What is the units digit of i?
6
Suppose b + 0 = -2*f + 22, -3*b = -5*f - 77. What is the units digit of b?
4
Suppose -v + 40 = 3*m, -3*v = 2*v + 3*m - 200. What is the tens digit of v?
4
Let p = 17 + 42. What is the tens digit of p?
5
Suppose d - 4*d = -2*k + 664, -d + 1328 = 4*k. What is the tens digit of k?
3
Let n(y) = -y**2 + 6*y + 2. Let z be 10/(-4)*12/(-6). Let f be n(z). Suppose -2*o = 10, -2*o - 1 = 2*r - f. What is the units digit of r?
8
Let h = -14 - -23. Let l = -4 + h. What is the units digit of l?
5
Let u = 10 